. Let o = 0 - 2. Give x(o).
7
Let r(i) be the third derivative of i**3 + 0 + 0*i + 1/24*i**4 + 13*i**2 + 1/120*i**6 + 7/60*i**5. Determine r(-6).
36
Let u = 58 + -72. Let n be (63/u)/(2/4). Let a be 84/10 - n/15. Let d(m) = m - 10. Determine d(a).
-1
Let i(l) = -16*l**3 - 27*l**2 + 5*l - 5. Let p(n) = -5*n**2 + 9*n - 8*n**3 - 8*n + 0*n**2 - 1 + 5*n**3. Let z(k) = -2*i(k) + 11*p(k). What is z(-2)?
1
Let x(g) be the first derivative of -3*g**2/2 - 7*g - 1235. Give x(5).
-22
Let v(t) = -13*t - 4. Let q(r) = -22*r - 6. Let m(p) = -3*q(p) + 5*v(p). Let o(i) = i + 12. Let k be o(-5). Calculate m(k).
5
Let r(s) = 21*s - 504. Let w be r(24). Let q(t) be the second derivative of -3*t**2 + 15*t - 1/12*t**4 + w + 3/2*t**3. What is q(8)?
2
Let t be (-29)/(290/120)*1. Let b(y) = -1 + 1 - 7 - y**2 - 12*y + 2. What is b(t)?
-5
Let u(h) = -2*h - 10. Let s = -744 + 739. Give u(s).
0
Let n be (-5)/35 + 33/84 - 66/(-24). Let w(x) = 4*x**3 - 3*x - 3. What is w(n)?
96
Let v(w) = 13 - 30*w + 57*w - 52*w - 11*w**2 - 8 + w**3. What is v(13)?
18
Let u(t) = 2*t**2 + 44*t + 41. Let s be u(-21). Let g(j) = -8*j**2 - 2*j - 3. Give g(s).
-9
Let x(v) = v**2 - v + 1. Let f(u) = -u**3 - 9*u**2 + 11*u - 5. Let o(j) = f(j) + 5*x(j). Suppose 177*b = 187*b - 180. Suppose 9*n + 27 = -b. Calculate o(n).
-5
Let j(a) = 53 - 9*a**2 - a**3 - 2*a**2 + 18996214*a - 18996210*a. What is j(-11)?
9
Let w(c) = c**2 + 9*c + 16. Let i be w(-2). Let z(n) = 65*n**2 - 57*n**2 + n**3 - i - 4 + n. Give z(-8).
-14
Let o(w) = 1763 + 1731 - 3499 - 2*w + w. Let f(t) = t**3 + 5*t**2 + t - 4. Let d be f(-4). Give o(d).
-13
Let x(i) = -i**3 + 9*i**2 - 8. Let j(s) = -s**2 + 5*s + 382. Let a be j(22). Determine x(a).
56
Let l = -296 - -316. Let r(q) = -q**2 + 23*q - 22. Calculate r(l).
38
Let v(j) = -9*j**2 + j + 1. Let a = 1268 + -1236. Let k be 2 + 27 - -1 - -1. Let n = k - a. Give v(n).
-9
Suppose -u + 10*k = 11*k - 10, 5*u - 2*k = 15. Suppose -5*d = 2*v - 18, 6*v = v - 4*d + 45. Let l(c) = u*c - 15*c + 8*c - v + 0. What is l(-7)?
5
Let z = -13 + 22. Suppose 4 - z = p. Let k(u) be the second derivative of u**5/20 + 5*u**4/12 - u**3/6 - u**2/2 - 193*u. Determine k(p).
4
Let g(v) = v**3 + 21*v**2 - 21*v + 20. Let h(a) = -a**3 + 4*a**2 - 3*a + 18. Let j be h(5). Determine g(j).
-2
Let m be 15/(-3)*(-19)/190*4. Let u(c) = c**3 - 6*c + 11. Give u(m).
7
Let o(n) = -10*n**3 - n - 2. Let w(a) = 593*a + 2371. Let p be w(-4). Determine o(p).
9
Suppose 0 = 11*h - 6*h. Let l = 140 - h. Let d(n) = -l - 6*n**2 + n**3 + 72 - 7*n + 68. What is d(7)?
0
Let o(j) = -37*j - 6 + 20 - 2*j**2 + 6*j - 11 - 4. Calculate o(-15).
14
Let x(h) = h**3 + 5*h**2 + h + 4. Suppose 31 = 4*f + 4*l - 5, 0 = l - 2. Suppose 5*i + r = f*i + 7, -5*r + 15 = -5*i. What is x(i)?
16
Let t(j) = -7*j - 201. Let x be t(-29). Suppose -z - 30 = 19*q - 24*q, -30 = -5*q + x*z. Let b(k) = -k**3 + 0*k + 8 + 7*k**2 - 7*k + k. Determine b(q).
8
Let r = -11 + 13. Let k(q) = -12*q - 14 + 2*q**2 - 5*q**2 - 4 + r*q**2. Let d be k(-10). Let b(i) = -2*i**3 + i**2 - i. Determine b(d).
-14
Let r(u) = -u - 2. Suppose 0*y - 2*y - 10 = -4*z, -5*y = -2*z + 9. Let c be z/(-5) + 656/(-10). Let k = 61 + c. Give r(k).
3
Let d(i) = -6*i**3 - 5*i**2 + 25*i - 64. Let g(q) = 10*q**3 + 5*q**2 - 38*q + 96. Let h(t) = 8*d(t) + 5*g(t). Calculate h(7).
-11
Let u(f) = -18*f**2 - 260*f + 98. Let q(d) = -5*d**2 - 76*d + 33. Let m(l) = 7*q(l) - 2*u(l). Give m(3).
8
Let p = 218617 + -218614. Let w(q) = -q - 1. Let k(b) = -12*b - 8. Let o(d) = -k(d) + 8*w(d). Calculate o(p).
12
Let t(g) = 10 + 10 - 5 + 5 - 3*g + 4*g. Give t(-7).
13
Let i(p) = -p**2 + p - 1. Let f(z) = z**3 - 11*z**2 + 13*z. Let c(d) = f(d) - 3*i(d). Determine c(7).
24
Let n be (-6)/(-4) - (-132)/24. Let d(s) = -2 - 9 - 8*s + n*s. Suppose -26*b = -22*b. Calculate d(b).
-11
Let b be ((-9)/(-15))/3 + (-1680)/25. Let a = -76 - b. Let u(w) = -w. Give u(a).
9
Let t be 3 + -1 + (2 - 4). Suppose -4*a + 4*r = -56, -a + 21*r = 13*r - 28. Suppose 4*p - a*p + 24 = t. Let b(m) = 3*m + 1. What is b(p)?
10
Suppose 0 = 2*x + 20 + 110. Let j = x - -94. Let f(u) = 15*u - j*u + u**3 - 1 + 15*u - 2*u**2. Give f(3).
11
Let t(m) be the third derivative of m**6/120 + 11*m**5/30 + 23*m**4/24 + 19*m**3/6 - 7*m**2 - 2. What is t(-21)?
-23
Let z(f) be the third derivative of f**5/60 - 7*f**4/24 + f**3/6 - 111*f**2. Let b = -181 - -119. Let l = b - -68. Give z(l).
-5
Let k be -3*5/(-9 - -4). Suppose -1 = g - k*t - 10, 3*g = 5*t + 23. Let a(x) = x - 6. Determine a(g).
0
Let s(w) = w - 27. Let n = -1099 + 1099. What is s(n)?
-27
Let x be 25 + ((-144)/6)/(-8). Suppose -40 = -x*j + 18*j. Let a(m) = -m**2 + 7*m + 2. What is a(j)?
14
Let c be (-25 + 29)*(6 - (-189)/(-28)). Suppose 4*x = -0*x + 8. Let a(s) = -x - s - s**2 + 2*s**2 + 2*s. Determine a(c).
4
Suppose 2*o = -4*u + 28, -5*u + 2*u = -5*o + 5. Let m = 61 - 56. Let t(h) = -h - m - 2*h + 1 + h**3 + 9*h - 6*h**2. What is t(u)?
1
Suppose v = -2*k + 3, 12 = 5*k - 2*v + 3*v. Suppose -4*a + 38 = 5*i, k*a - i - 13 - 6 = 0. Let q(m) = -2*m + 14. Determine q(a).
0
Let p(s) be the third derivative of 1/60*s**5 + 0 + s - 20*s**2 - 13/6*s**3 + 1/3*s**4. Calculate p(-10).
7
Let t(w) = 2*w**2 + w - 2. Let o be 68*(12 + -11)*(-2)/(-4). Suppose -o = 23*i + 35. Determine t(i).
13
Let g(r) be the second derivative of r**4/12 + r**3/2 - 7*r**2/2 + r. Suppose -19*x = -58*x - 14*x - 265. Give g(x).
3
Let o be 52/(-4) + 15 + 1. Let q(i) = -2 - 5*i - i + 1 + i**2. What is q(o)?
-10
Let f be (6/((-36)/38))/((-1)/(-3)). Let c = -23 - f. Let u(x) = -x**3 - 2*x**2 + 4*x + 1. What is u(c)?
17
Let p(c) = -c**3 - 19*c**2 - 18*c - 4. Let b be 1/((-3)/45*(-12)/(-68)). Let s be 1216/(-68) + ((-500)/b - 6). What is p(s)?
-4
Let l(z) = 31 + 2195*z + 130*z**2 - 131*z**2 - 2171*z. Determine l(26).
-21
Let y(w) be the first derivative of 8*w**2 - 2*w - 1129. What is y(0)?
-2
Let j = 66 + -37. Let o = 35 - j. Let u(h) = -7 - 7*h - 12*h + 18*h - o. Determine u(-10).
-3
Let d(r) = r**3 + 4*r**2 + 4*r + 5. Suppose 132 + 73 = -5*o. Let k = 263 + -226. Let h = k + o. Determine d(h).
-11
Let f(w) = w - 26. Let d(t) be the first derivative of -t**2 + 48*t + 6. Let u(y) = -4*d(y) - 7*f(y). What is u(4)?
-6
Suppose 3*z + 0*z = 21. Let q(k) be the third derivative of 1/120*k**6 - 1/3*k**3 - 2/15*k**5 - 41*k**2 + 0 - 2*k + 1/4*k**4. What is q(z)?
-9
Let u = 49 - 87. Let d = u - -32. Let r(s) = 137*s + 4 + 0 + 138*s - 272*s. Calculate r(d).
-14
Suppose 444 = -26*p - 310. Let f(m) = -12*m - 356. What is f(p)?
-8
Suppose -q = -0*q + 4*s - 305, 2*q - 3*s = 632. Let j(x) = -154*x - 5*x**2 + q*x - 2 + x**3 - 158*x. Give j(5).
3
Let y(f) = f + 12 + 6 - 88 + 29 + 6. What is y(0)?
-35
Let c be (5 + 18/(-3))*0. Suppose -2*f + 5*f + 3*i - 3 = c, -5*f + 13 = 3*i. Let r(y) = -y + 9. Calculate r(f).
4
Let n(p) = p**3 - p**2 - 23*p + 6. Let s be n(0). Let h(a) = -14*a**2 + 35*a + 35. Let g(l) = -5*l**2 + 12*l + 12. Let j(q) = s*h(q) - 17*g(q). Give j(-6).
6
Let y(j) = 8*j + 32 + 3*j - 361*j**2 + 181*j**2 + 181*j**2. Calculate y(-4).
4
Let d(z) = 767*z - 771*z + 54 + 29. Calculate d(19).
7
Let m(g) = 16*g**3 + 9*g**2 - 4*g. Let k(n) = 67*n**3 + 40*n**2 - 18*n. Let u(p) = 2*k(p) - 9*m(p). Calculate u(-1).
9
Let f(u) be the third derivative of u**4/8 - 13*u**3/6 - 7*u**2 + 4*u. Let s = 17 - 11. Calculate f(s).
5
Let q(i) be the second derivative of -4*i**5/5 + i**4/6 - i**2/2 - i. Let t = 45806 + -45805. Determine q(t).
-15
Let b(l) be the first derivative of l**3/6 + 3*l**2/2 + 5*l - 2. Let k(a) be the first derivative of b(a). Let c = 186 + -183. Give k(c).
6
Let w(n) = n**2 + 12*n + 2. Suppose -38*d + 6764 = 57*d + 7714. Give w(d).
-18
Let x(b) = b**3 + 14*b**2 - 17*b - 24. Let n be x(-15). Let a(q) = 3*q**2 - 4*q - 9*q**2 + 0*q + 5*q**2 + n. Suppose -3*w = -2*w + 5. Give a(w).
1
Let f(p) be the first derivative of p**4/4 - 5*p**3/3 - 6*p**2 + 5*p - 764. Calculate f(8).
101
Let m(v) = -v**3 + 11*v**2 - 8*v - 14. Suppose -19*b = -b - 720. Suppose b*t = 32*t + 80. What is m(t)?
6
Suppose 8 = -4*a + 40. Let i(m) = 11*m + 32. Suppose 12*h - 9*h = 3*y + 36, -2*h + 10 = 0. Let n(z) = 3*z + 10. Let j(w) = y*n(w) + 2*i(w). Determine j(a).
2
Let l = 583 + -563. Let p(k) = -l*k + 8*k + 7*k - 7. Calculate p(7).
-42
Suppose -w = -2*i + 3 + 4, -5*i + w = -19. Let l(y) be 